1) + 9 - 4). What is the highest common factor of s and 81?
27
Let n be (140/(-70))/(3/(-30)). What is the greatest common factor of 2810 and n?
10
Let b = -400 + 292. Let j = -74 - b. Calculate the greatest common divisor of 119 and j.
17
Let w(f) = f**2 + 16*f + 32. Let p be w(-15). Let c = p - -5. Suppose -4*i + 94 = c. What is the greatest common factor of i and 99?
9
Suppose -510 = -3*a - 4*j, -19*j + 345 = 2*a - 18*j. Let k(l) = 5*l + 43. Let i be k(32). What is the greatest common factor of i and a?
29
Suppose 390 = 2*b - 44. Suppose -647 = -18*y + b. Calculate the highest common divisor of 128 and y.
16
Suppose 34*t - 12*t = -117*t + 572124. Calculate the greatest common divisor of 168 and t.
84
Let b = 433 + -417. Suppose b*g - 330 = g. Calculate the greatest common divisor of 66 and g.
22
Let m = 21164 - 15947. Calculate the greatest common divisor of 705 and m.
141
Let w be (-8)/6*594/(-4). Let x = -305 + 380. Suppose -4*h + 6*h - 2*g - 46 = 0, 5*h - x = -3*g. What is the greatest common factor of w and h?
18
Let b = -24 - -27. Suppose 2*h + 0*h - 62 = -b*n, 5*h = -25. Let c be (n/15*3)/((-3)/(-10)). Calculate the highest common factor of c and 24.
8
Let p be 6 + -11 + 23 + -12. What is the greatest common divisor of p and 16?
2
Suppose -33*h + 519 = -26*h + 1. Calculate the greatest common factor of h and 851.
37
Let f = -1129 + 1610. Suppose -4*n + 26 = -2*n. What is the greatest common divisor of f and n?
13
Let u = -3719 - -4149. What is the greatest common factor of u and 850?
10
Suppose -s + 65 = -5*t, -5*s = 2*t - 7*t - 325. Let k(c) = c**2 - 482*c + 29872. Let w be k(73). What is the highest common factor of w and s?
5
Let t(y) = 24*y**2 - y + 297. Let w be t(0). What is the highest common divisor of 5148 and w?
99
Suppose -3*d = 3*u + 9, 0 = 2*d - 3*d - 4*u + 12. Let a(x) = -5*x + x**2 - 13994 + 12*x + 14002. Let n be a(d). Calculate the highest common factor of n and 80.
16
Suppose y + 3*u = -49 + 9285, 0 = 5*u - 35. What is the greatest common factor of y and 95?
95
Suppose 0 = -5*j - 3*u + 1 + 23, 0 = -2*j + 4*u + 20. Suppose -j = -3*k, 91 - 21 = 3*g + 5*k. What is the highest common divisor of 340 and g?
20
Suppose 0 = 378*k - 669*k + 258408. Calculate the highest common factor of 156 and k.
12
Suppose -7 = -u - 4*w, -5*w + w = 2*u - 10. Suppose c - u*c = 12. Let n be -10*(-4)/c*-18. What is the greatest common factor of n and 15?
15
Let h(s) = 310*s - 616. Let r be h(2). Suppose 141 + 155 = 2*m. What is the greatest common factor of r and m?
4
Suppose -3*v + 80 = v. Suppose 24*q - 23*q - 327 = 0. Let x = q + -323. Calculate the highest common divisor of v and x.
4
Suppose -24*k - 8362 = -514. Let c = -246 - k. Calculate the highest common divisor of 54 and c.
27
Suppose -8*i + 25 = -13*i, 5*v = -3*i + 535. Let y = -207 - -482. Calculate the greatest common factor of y and v.
55
Let g be ((-11400)/(-180))/((-1)/(-18)). What is the highest common factor of 60 and g?
60
Let g = -39 - -49. Let p be 1720/(-6)*27/(-18). Calculate the greatest common factor of g and p.
10
Let a be (-1087)/(-7) - 8/28. Let z = -110 + 110. Suppose u - h = 79 - 12, z = 2*h + 10. What is the highest common factor of a and u?
31
Suppose 0 = -11*v - 1150 + 8454. Let y = v + -550. Calculate the greatest common divisor of y and 114.
114
Let a(l) = 1101*l - 1927. Let p be a(2). Calculate the greatest common factor of 121 and p.
11
Let m(c) = c**3 - 8*c**2 - c + 9. Let y be m(8). Let h be 12 - y - (1 - -1). Let b be (h/4)/(6/80). Calculate the greatest common factor of b and 10.
10
Suppose 383 = -5*k + 53. Let q be 11/(k/(-444)) - 2*1. Let v = -16 + q. What is the highest common divisor of 7 and v?
7
Let r = 45 - -45. Suppose -i + 3 + 3 = 0. Suppose -g - r = -i*g. Calculate the greatest common factor of 6 and g.
6
Let d(m) = 14 + 3*m - 3 - 13*m + 94*m**2 + 10*m**2. Let y be d(1). What is the highest common factor of 60 and y?
15
Suppose -80 = -66*p + 50*p. Suppose -5*s + 5*h = -8*s + 486, p*h + 486 = 3*s. Suppose -2*v = v - 54. Calculate the greatest common divisor of s and v.
18
Suppose v - 658*d = -661*d - 16, 0 = -3*v + 5*d + 36. Suppose l = -4*l + 1890. Suppose 0 = v*a + 84 - l. Calculate the highest common divisor of a and 21.
21
Let f = 82 - 77. Let c(i) = i**3 - 8*i**2 + 1. Let t be c(8). Suppose 0 = -m - t, 3*k - m - 34 = 42. What is the greatest common divisor of f and k?
5
Suppose -129*d + 175 + 18609 = 3175. What is the highest common factor of 1177 and d?
11
Let q be 140/(-16)*(-7128)/990. Calculate the highest common divisor of q and 28917.
63
Let m(p) = 2*p**3 + 24*p**2 - p + 13. Let o be m(-12). Suppose 30*f - 168 = -26*f. Calculate the greatest common factor of f and o.
1
Let g(o) = -o**2 - 8*o + 2. Let i be g(-8). Suppose -5*z + 31 = -y, -6*z + i*z + 28 = -4*y. What is the highest common divisor of z and 2?
2
Let h(p) = 2*p**2 + 4*p. Let w be h(3). Calculate the greatest common factor of 690 and w.
30
Let t(c) = 205*c - 1350. Let a be t(10). What is the highest common divisor of a and 400?
100
Suppose 11*w - 1391 + 918 = 0. What is the greatest common divisor of 172 and w?
43
Suppose -14395 + 5771 = -56*v. Calculate the highest common factor of 98 and v.
14
Suppose p = 4*y - 467, -2*p = -y + 177 - 55. Let w = y + -118. Let c be 3 - ((0 - w) + 121)*-1. What is the highest common factor of 18 and c?
18
Suppose 0 = y + 97 - 77. Let h(w) = -8*w - 115. Let p be h(y). Let a = -27 - -45. Calculate the highest common divisor of a and p.
9
Suppose 0 = 6*t - 5*t - 11. Let g(c) = 4109*c - 28752. Let q be g(7). What is the highest common divisor of q and t?
11
Let m = 25060 + -12240. What is the highest common factor of 20 and m?
20
Suppose -2*q = 5*b - 18020, 2*q + 7222 = 324*b - 322*b. Calculate the highest common divisor of 6 and b.
6
Let x be 27/3*(-7)/3. Let k be (-1688)/(-28) - (-6)/x. Let w = -238 - -268. What is the greatest common factor of k and w?
30
Suppose 0 = 5*s + 25, -4*s + s = 4*b - 245. Suppose 0 = 3*y - 24 - 15. What is the highest common divisor of b and y?
13
Suppose 10*z - 18524 = -34*z. Suppose 0 = 2*d - d + 5*n - 205, 0 = -2*d + n + z. What is the greatest common factor of 60 and d?
30
Suppose -108443 = -30*a - 5*a + 56722. What is the highest common factor of a and 121?
121
Suppose -47*s + 16622 = -12*s - 12673. Calculate the highest common divisor of 682 and s.
31
Let y = -955 + 969. Let b(x) = -34*x - 4. Let k be b(-3). What is the highest common factor of k and y?
14
Let v(p) = 25*p**3 + 4*p**2 - 6*p + 4. Let o be v(2). What is the highest common factor of o and 247?
13
Let t(i) be the third derivative of i**6/120 - 4*i**5/15 + 9*i**4/8 + 4*i**3 - 9*i**2 + 1. Let n be t(14). What is the greatest common divisor of n and 110?
10
Let p be (-64)/((-4)/6*-3). Let b be (38 - -2) + 224/p. What is the greatest common divisor of b and 88?
11
Let t be -8 + (-1215)/(-153) - 603/153 - -7863. Calculate the highest common divisor of t and 58.
29
Suppose 87 = -16*h - 153. Let r be 7/((-21)/(-75))*h/(-25). Calculate the highest common factor of r and 60.
15
Let s = -4514 - -4537. What is the highest common divisor of 3151 and s?
23
Let w be 0 + (-8)/(-10) - 4209/(-345). Suppose -w*t - 405 = -28*t. Calculate the highest common factor of 513 and t.
27
Let p be (1 - (-2)/(-4))*10. Let f(y) = y**2 - 9*y + 29. Let m be f(p). Calculate the highest common factor of 225 and m.
9
Let o = 132 + 55. Suppose -39*i = -41*i + 22. Calculate the highest common factor of o and i.
11
Suppose 31*f = 45*f - 70. Let w be (-6)/(-10) - 15/25. Suppose w*i + 2*i - 100 = 0. What is the highest common divisor of f and i?
5
Let k(w) = -23*w**3. Let c be k(-2). Let u be (8 - 4) + -7 + 7. Suppose u*x = -2*h + 71 + 23, 2*x = h + 45. What is the highest common divisor of c and x?
23
Let u(t) = -t**2 + 10*t + 2. Let l be u(6). Let q = -17 + l. Suppose -2*g = k + 13, 7*k + 2*g - 43 = -50. What is the greatest common divisor of k and q?
1
Let c(d) = -5*d + 1. Let q be c(-5). Let o(g) = 8*g + 50. Let n be (2/(-3))/(-5 + 47/9). Let w be o(n). What is the greatest common factor of q and w?
26
Let s(v) = -v**3 + 43*v**2 - 87*v - 87. Let a be s(38). What is the highest common factor of 86 and a?
43
Let v = -267 - -330. Suppose -4*i + v = 5*z, 6*z - 10*z + 66 = -2*i. Sup